8
What is the units digit of 8272880?
0
What is the ten thousands digit of 1030865?
3
What is the tens digit of 779889?
8
What is the thousands digit of 124838?
4
What is the thousands digit of 497735?
7
What is the ten thousands digit of 76588?
7
What is the units digit of 553244?
4
What is the thousands digit of 30680423?
0
What is the thousands digit of 390694?
0
What is the thousands digit of 15245?
5
What is the units digit of 464109?
9
What is the hundreds digit of 38028?
0
What is the units digit of 7474?
4
What is the units digit of 948160?
0
What is the tens digit of 83640?
4
What is the millions digit of 1168118?
1
What is the thousands digit of 635255?
5
What is the units digit of 7567551?
1
What is the ten thousands digit of 410067?
1
What is the thousands digit of 1497756?
7
What is the hundred thousands digit of 7709552?
7
What is the hundred thousands digit of 343302?
3
What is the thousands digit of 2879735?
9
What is the hundreds digit of 1071841?
8
What is the units digit of 864408?
8
What is the ten thousands digit of 86619?
8
What is the ten millions digit of 19545515?
1
What is the hundreds digit of 1152256?
2
What is the tens digit of 3735415?
1
What is the ten thousands digit of 946923?
4
What is the thousands digit of 13048256?
8
What is the tens digit of 644329?
2
What is the ten thousands digit of 459663?
5
What is the hundred thousands digit of 991474?
9
What is the thousands digit of 448927?
8
What is the thousands digit of 499251?
9
What is the thousands digit of 81958?
1
What is the millions digit of 1702525?
1
What is the tens digit of 555464?
6
What is the tens digit of 107628?
2
What is the millions digit of 3531601?
3
What is the tens digit of 256822?
2
What is the ten thousands digit of 1318871?
1
What is the units digit of 3710919?
9
What is the ten thousands digit of 5534580?
3
What is the thousands digit of 3782149?
2
What is the hundreds digit of 112242?
2
What is the hundred thousands digit of 2175068?
1
What is the thousands digit of 1071493?
1
What is the hundred thousands digit of 9791144?
7
What is the tens digit of 8424485?
8
What is the hundreds digit of 5948048?
0
What is the ten thousands digit of 2511887?
1
What is the ten thousands digit of 1498026?
9
What is the thousands digit of 18019462?
9
What is the hundred thousands digit of 227235?
2
What is the tens digit of 161501?
0
What is the hundred thousands digit of 4424737?
4
What is the millions digit of 15644707?
5
What is the hundreds digit of 88675?
6
What is the units digit of 6925679?
9
What is the tens digit of 4839?
3
What is the units digit of 290797?
7
What is the ten thousands digit of 10384985?
8
What is the hundred thousands digit of 3623116?
6
What is the tens digit of 3035006?
0
What is the units digit of 119251?
1
What is the hundred thousands digit of 677053?
6
What is the hundreds digit of 77139?
1
What is the units digit of 244841?
1
What is the units digit of 150972?
2
What is the units digit of 194377?
7
What is the thousands digit of 20365?
0
What is the hundred thousands digit of 110007?
1
What is the hundred thousands digit of 419797?
4
What is the ten thousands digit of 3713367?
1
What is the ten thousands digit of 306114?
0
What is the hundred thousands digit of 5671170?
6
What is the thousands digit of 6102406?
2
What is the tens digit of 427314?
1
What is the units digit of 7878996?
6
What is the units digit of 4339317?
7
What is the tens digit of 181673?
7
What is the ten thousands digit of 8079533?
7
What is the ten thousands digit of 340758?
4
What is the tens digit of 1085854?
5
What is the ten thousands digit of 679371?
7
What is the thousands digit of 726068?
6
What is the hundreds digit of 3630376?
3
What is the hundred thousands digit of 22797626?
7
What is the ten thousands digit of 2263772?
6
What is the ten thousands digit of 3846126?
4
What is the units digit of 1515737?
7
What is the ten thousands digit of 2441555?
4
What is the units digit of 319221?
1
What is the thousands digit of 698260?
8
What is the units digit of 126627?
7
What is the thousands digit of 9799825?
9
What is the ten thousands digit of 3547510?
4
What is the millions digit of 1464434?
1
What is the tens digit of 2740314?
1
What is the millions digit of 1856759?
1
What is the hundred thousands digit of 6753495?
7
What is the tens digit of 25379?
7
What is the thousands digit of 390566?
0
What is the units digit of 693170?
0
What is the tens digit of 6725139?
3
What is the thousands digit of 163716?
3
What is the hundreds digit of 233099?
0
What is the units digit of 909006?
6
What is the tens digit of 11473851?
5
What is the units digit of 2016575?
5
What is the hundreds digit of 13810837?
8
What is the tens digit of 167384?
8
What is the ten thousands digit of 858435?
5
What is the millions digit of 7833046?
7
What is the hundreds digit of 3418898?
8
What is the tens digit of 714569?
6
What is the ten thousands digit of 30683253?
8
What is the tens digit of 7756104?
0
What is the tens digit of 772023?
2
What is the units digit of 603996?
6
What is the thousands digit of 27985023?
5
What is the units digit of 143230?
0
What is the hundreds digit of 4109741?
7
What is the thousands digit of 3535602?
5
What is the tens digit of 28761822?
2
What is the thousands digit of 832764?
2
What is the hundred thousands digit of 505321?
5
What is the ten thousands digit of 3537401?
3
What is the millions digit of 7041382?
7
What is the hundred thousands digit of 304833?
3
What is the millions digit of 1156449?
1
What is the tens digit of 6238073?
7
What is the thousands digit of 5331641?
1
What is the millions digit of 8380177?
8
What is the millions digit of 2043234?
2
What is the tens digit of 248632?
3
What is the ten thousands digit of 149568?
4
What is the thousands digit of 4489192?
9
What is the tens digit of 207510?
1
What is the millions digit of 1516343?
1
What is the hundred thousands digit of 12536460?
5
What is the hundred thousands digit of 6566768?
5
What is the units digit of 66621?
1
What is the ten thousands digit of 264685?
6
What is the units digit of 2845275?
5
What is the units digit of 647262?
2
What is the hundred thousands digit of 350555?
3
What is the tens digit of 3473095?
9
What is the hundreds digit of 152213?
2
What is the ten thousands digit of 314299?
1
What is the tens digit of 158646?
4
What is the hundreds digit of 226008?
0
What is the tens digit of 23465747?
4
What is the units digit of 1860787?
7
What is the hundred thousands digit of 447390?
4
What is the thousands digit of 19419?
9
What is the units digit of 1279044?
4
What is the thousands digit of 1039960?
9
What is the millions digit of 3410147?
3
What is the units digit of 160014?
4
What is the tens digit of 3550711?
1
What is the hundred thousands digit of 6710467?
7
What is the tens digit of 218112?
1
What is the hundreds digit of 1249059?
0
What is the ten thousands digit of 19094852?
9
What is the millions digit of 10794153?
0
What is the ten thousands digit of 45551?
4
What is the hundred thousands digit of 1173313?
1
What is the hundreds digit of 1550731?
7
What is the thousands digit of 15691519?
1
What is the tens digit of 138770?
7
What is the ten millions digit of 29204800?
2
What is the ten thousands digit of 4927682?
2
What is the hundred thousands digit of 643772?
6
What is the thousands digit of 2756617?
6
What is the millions digit of 24752948?
4
What is the units digit of 2441842?
2
What is the hundred thousands digit of 5245932?
2
What is the hundreds digit of 301572?
5
What is the hundred thousands digit of 1177140?
1
What is the hundred thousands digit of 8185593?
1
What is the units digit of 329068?
8
What is the units digit of 145172?
2
What is the hundred thousands digit of 6070294?
0
What is the tens digit of 31471252?
5
What is the hundred thousands digit of 14462744?
4
What is the hundred thousands digit of 6329067?
3
What is the thousands digit of 282606?
2
What is the tens digit of 295957?
5
What is the millions digit of 9759252?
9
What is the tens digit of 356957?
5
What is the ten thousands digit of 2016718?
1
What is the hundred thousands digit of 4113965?
1
What is the tens digit of 1179724?
2
What is the ten thousands